 + j*u - 3 = 0. List the prime factors of u/(-5)*(-60)/4.
3
Let r(h) = h**2 + 12*h - 9. Let n be r(-13). Suppose 3*o = -o - n*z + 20, -z - 35 = -3*o. Suppose -v - v = -s + 2, 2*s - v = o. List the prime factors of s.
2, 3
Let r(g) = g**3 - g**2 + 4*g - 2. What are the prime factors of r(3)?
2, 7
Let f be -2 - -9 - (0 - -1). Let o be ((-4)/f)/((-8)/36). Suppose -v - 9 - o = 4*l, -2*l - 12 = -v. List the prime factors of v.
2
Suppose -2*k + o - 3*o = -100, 0 = -3*k + 4*o + 136. What are the prime factors of k?
2, 3
Let t(d) = 54*d - 3. What are the prime factors of t(3)?
3, 53
Let b = 86 - 46. List the prime factors of b.
2, 5
Let a(t) = t + 7. Let l(g) = -g**2 + 7*g - 4. Let u be l(5). List the prime factors of a(u).
13
Suppose 0*f = f + 6. Let d(s) = -s**2 - 8*s + 5. List the prime factors of d(f).
17
Suppose 8 = 4*r + r + 2*g, 4*g = -5*r + 6. Suppose x - 32 = -r. List the prime factors of x.
2, 3, 5
What are the prime factors of 58*2/(-8)*-4?
2, 29
Let q(w) = w - 6. Let y be q(0). Let u be (-82)/(-7) + y/(-21). Suppose -6*m = -2*m - u. List the prime factors of m.
3
Let s = -13 - -11. What are the prime factors of 19 - s*3/2?
2, 11
Suppose -b - 2*y = -4*b - 3, 7 = b + 2*y. Suppose -3*p + 41 = -b. What are the prime factors of p?
2, 7
Suppose 4*x = 4, 0*w - 4*w + 11 = 3*x. Suppose -2*k = w*k - 12. Suppose k*d - d = 4. What are the prime factors of d?
2
Suppose 6*o - 2*o + 4*f - 120 = 0, 2*o = -3*f + 57. List the prime factors of o.
3, 11
Suppose -4*g - 9 = 11. Let a(d) = 2*d**2 + 6*d - 5. List the prime factors of a(g).
3, 5
Let i(h) = -4*h + 3. Let g(y) = -y + 1. Let n(c) = -3*g(c) + i(c). Suppose -2*z = z + 30. What are the prime factors of n(z)?
2, 5
Suppose 0 - 4 = -d. Suppose -12 = -d*k + 68. What are the prime factors of k?
2, 5
Let i(b) = -15*b. Let f be i(1). Let o = f - -37. Suppose -m = 5*g + o, 0*g - g - 20 = -5*m. List the prime factors of m.
3
Suppose 120 = 2*y - 5*a, 0 = -2*y + 6*a - 4*a + 108. What are the prime factors of y?
2, 5
What are the prime factors of (-1)/(-4) - (-7032)/32?
2, 5, 11
Let i(o) = -o**2 - 25*o - 20. What are the prime factors of i(-20)?
2, 5
Let c(g) = -2*g**3 + 17*g**2 - g - 1. Let x(o) = -o**3 + 16*o**2 - 1. Let w(l) = 2*c(l) - 3*x(l). List the prime factors of w(-14).
29
Let c(d) = 2*d**3 + d**2. Suppose -4*j + 5*v = 12 - 36, 5*j + 5*v = -15. List the prime factors of c(j).
3
Suppose -5*l + 3*s = 145, l - 4*l = 3*s + 63. Let x = l + 40. Suppose -5*a = -x - 6. List the prime factors of a.
2
Suppose -128 = -3*p + p. List the prime factors of p.
2
Let h(p) = -p**3 - 5*p**2 + 7*p + 7. Let k be h(-6). Suppose -4*x + 63 = -k. What are the prime factors of x?
2
Suppose 20 = 3*m + 2*m, -5*g = 2*m - 18. Let s(c) = -2*c - 1. Let d be s(g). Let w = d + 10. What are the prime factors of w?
5
Suppose 2*j + 16 = -4*p, j - 3*p + 0*p - 7 = 0. Let o(s) = s - 1. Let d be o(j). What are the prime factors of (0/2 - d) + 2?
5
Suppose 0 = 4*l + 75 - 215. List the prime factors of 4/(-10) - (-224)/l.
2, 3
Let l(r) = 36*r**3 + r. Let z be l(1). Let i(v) = -v**2 + 4*v - 5. Let c be i(7). Let b = c + z. List the prime factors of b.
11
Suppose -12 = -w + 2*l, 0*w - 5*w + 35 = -5*l. List the prime factors of (492/24)/(w/4).
41
Let f(i) = 4*i. Let g be f(2). Suppose q - 6 = g. What are the prime factors of q?
2, 7
Let i be 5/(1/((-1)/(-1))). Suppose -i*b + 78 = 4*u - 123, 5*u - 4*b = 282. What are the prime factors of u?
2, 3
Let p(h) = -1. Let t(j) = -j**2 - 6*j + 12. Let g(m) = 2*p(m) + t(m). Let o be g(-7). Suppose o*f - 9 = -3*d, -6*f + d + 39 = -f. List the prime factors of f.
7
Suppose 34 + 77 = 3*b. Let f = b - 9. What are the prime factors of f?
2, 7
Let x(s) = -6*s - 15. Let c(o) = -3*o - 7. Let z(k) = 5*c(k) - 2*x(k). List the prime factors of z(-4).
7
Let n be (-6)/15*5/(-2). Suppose -2*s + n = -3. List the prime factors of s.
2
Suppose -6 = -3*r - 3. List the prime factors of (11 + -3 + 2)/r.
2, 5
Suppose d - 5 = -3. Let y be 1*d/1 + -1. What are the prime factors of (2 - y) + (8 - 4)?
5
Suppose 0 = -5*a + 5, 4*q - 2*a = 67 - 329. Let h = q - -98. Suppose 5*d - 7 - h = 0. What are the prime factors of d?
2
Let i(k) be the second derivative of 5*k**4/24 - k**3/6 + k**2/2 + 3*k. Let t(v) be the first derivative of i(v). What are the prime factors of t(3)?
2, 7
Let k(t) = 4*t - 2. Suppose 3*d = 3*s - 2*s - 8, 4*s + 24 = -2*d. Let i(h) = h - 1. Let l(f) = s*k(f) + 11*i(f). List the prime factors of l(-3).
2, 3
Let b(s) be the third derivative of s**4/8 + s**3/3 - 2*s**2. What are the prime factors of b(4)?
2, 7
Let u(n) = -8*n + 7. Let c(z) = z**2 + z + 1. Let d(s) = -c(s) - u(s). Let w be d(7). What are the prime factors of 0 + 8 + w/(-4)?
2, 5
Let w = 102 - -29. Let k = w - 79. What are the prime factors of k?
2, 13
List the prime factors of (14/(-21))/((-1)/36).
2, 3
Let x(v) = v**2 + 5*v + 4. Let c be x(-4). Let i = c - -6. What are the prime factors of i?
2, 3
Suppose -x - 4 = 3*k - 2, 0 = x + k + 10. Let s = 20 + x. What are the prime factors of (-43)/(-3) - 2/s?
2, 7
Let i(h) = 2*h + 13. Let p be i(-9). Let s(d) = -d**3 - 7*d**2 - 4. Let r be s(p). What are the prime factors of (r/(-8))/((-6)/(-16))?
2, 3
Suppose -u + 6*u - 1635 = 0. List the prime factors of u.
3, 109
Suppose 0 = -3*o - 0*o + 27. Suppose -4*f + o*f = 85. List the prime factors of f.
17
Let s(z) = 6*z**2 + 2*z - 1. What are the prime factors of s(-2)?
19
Let n(u) = u + 155. Let m be n(0). Suppose -2*d + 2*h + m = d, 3*d - 167 = 5*h. What are the prime factors of d?
7
Suppose 3*q = 3*a + 2*q - 1215, -4*a = -4*q - 1628. List the prime factors of a.
2, 101
Let a(h) = -27*h - 26. What are the prime factors of a(-4)?
2, 41
Suppose -3 = -2*x + 3. List the prime factors of x.
3
Let t be (-1 - -2 - -2) + -6. What are the prime factors of 17 + (t - (-7 - -2))?
19
Let a(l) = l**3 - 7*l**2 + 9*l - 6. Let s be a(6). Let u be (s/9)/(2/6). Suppose -8 = -4*t + u. List the prime factors of t.
3
Suppose -5*f + 2*w = -51, -4*f + 4*w + 45 = w. What are the prime factors of f/3*(-4)/(-3)?
2
Let k be (13*-1)/((-4)/4). Let l = 18 - k. Suppose l*j - r = 49, -5*r + 4 = -4*j + 39. What are the prime factors of j?
2, 5
Let f(q) be the second derivative of -8*q**3/3 + q**2 - q. List the prime factors of f(-2).
2, 17
Suppose 5 = u, -4*u = -l - 3*u - 1. List the prime factors of l.
2
Let v be (-24)/(-10) - 4/10. Let z be ((-2)/2 - v) + -2. Let f(a) = -a**2 - 8*a - 4. What are the prime factors of f(z)?
11
Suppose 4*a - 70 = -a. List the prime factors of a - 2*3/(-6).
3, 5
Let z(v) = -v**2 - 4*v + 4. Let h be z(3). Let q = h + 29. List the prime factors of q.
2, 3
Suppose 4*n - i = -n + 97, 3*i = -3*n + 69. Suppose 4*x - n - 36 = 0. What are the prime factors of x?
2, 7
Let w = -24 - -52. Suppose w = l + 3. List the prime factors of l.
5
Let h(y) = y. Let b be h(2). Suppose 2*w + 0 + b = 0. List the prime factors of w - -1 - (-10 - -1).
3
Let d be (-4)/(-2) - -2 - -1. Suppose d*u - 4*u - 8 = 0. What are the prime factors of u?
2
List the prime factors of ((-136)/(-24))/(2/(-3) - -1).
17
Let i = -21 + 6. Let z = 14 - 12. List the prime factors of 0/1 - (i + z).
13
Let i = 117 - 33. Suppose 0 = -0*d + 4*d - i. What are the prime factors of d?
3, 7
Let q(p) = 2*p**2 + 3*p. Let r be q(-2). Suppose r*d - 8 = -2*d. Suppose -d*k - 3 + 9 = 2*a, 3*k = -5*a + 13. What are the prime factors of a?
2
Let i(d) = -d**3 + 9*d**2 - 6*d + 1. Let k be -3 + (-33)/(-3 - 0). List the prime factors of i(k).
17
Let k(m) = 2*m**2 - 9*m + 21. What are the prime factors of k(9)?
2, 3, 17
Suppose 24 = -w + 9. Let r = w - -17. What are the prime factors of r?
2
Let m(y) = -2*y - 6. Let s(p) = -p + 4. Let d be s(4). Suppose d = -b - 0*b - 8. What are the prime factors of m(b)?
2, 5
Let b = 0 - -3. Suppose b = -k + 4*k. List the prime factors of 20 + (1 + k - 0).
2, 11
Suppose f - 2*p - 2 = 4*f, -3*f - p + 2 = 0. Let m(s) = -s**3 - 2*s**3 + s**3 + s**3 - 5*s + 7*s**2 - f. List the prime factors of m(6).
2
Let i(t) be the third derivative of t**5/60 - t**4/24 + 2*t**3/3 - t**2. List the prime factors of i(5).
2, 3
Let o be (-5)/(-2)*6/(-3). Let v = -2 - o. Let q = 10 - v. What are the prime factors of q?
7
Suppose -2 + 22 = 5*i. What are the prime factors of i/(-14) - (-363)/21?
17
List the prime factors o